{"id":5563,"date":"2026-02-03T09:39:06","date_gmt":"2026-02-03T09:39:06","guid":{"rendered":"https:\/\/www.pensionsdefamille.org\/?page_id=5563"},"modified":"2026-03-12T08:28:45","modified_gmt":"2026-03-12T08:28:45","slug":"re","status":"publish","type":"page","link":"https:\/\/www.pensionsdefamille.org\/?page_id=5563","title":{"rendered":"Kit de communication 2026 et ressources utiles"},"content":{"rendered":"<section class=\"block\">\n    <h2>Kit de communication et ressources utiles<\/h2>\n<h3>Communiquez sur vos \u00e9v\u00e9nements<\/h3>\n<p>Pour vous accompagner dans l\u2019organisation de vos \u00e9v\u00e9nements, la coordination nationale de la Semaine nationale des pensions de famille met \u00e0 votre disposition une s\u00e9rie de supports de communication.<\/p>\n<ul>\n<li><a href=\"https:\/\/drive.google.com\/file\/d\/10s4ANWqS5TgE5TK9cAR46TVrEeZEGq66\/view\"><strong>T\u00e9l\u00e9charger le kit de communication 2026<\/strong><\/a><\/li>\n<\/ul>\n<p>&nbsp;<\/p>\n<h3>Ressources utiles<\/h3>\n<p>Pour mieux saisir les enjeux des pensions de famille, nous vous mettons \u00e0 disposition des ressources utiles pr\u00e9sentant les profils des personnes log\u00e9es, les objectifs de ces \u00e9tablissements, le montage juridique et financier ou encore les acteurs r\u00e9f\u00e9rents :<\/p>\n<ul>\n<li aria-setsize=\"-1\" data-leveltext=\"\uf0b7\" data-font=\"Symbol\" data-listid=\"16\" data-list-defn-props=\"{&quot;335552541&quot;:1,&quot;335559685&quot;:1440,&quot;335559991&quot;:360,&quot;469769226&quot;:&quot;Symbol&quot;,&quot;469769242&quot;:[8226],&quot;469777803&quot;:&quot;left&quot;,&quot;469777804&quot;:&quot;\uf0b7&quot;,&quot;469777815&quot;:&quot;hybridMultilevel&quot;}\" data-aria-posinset=\"1\" data-aria-level=\"2\"><a href=\"https:\/\/www.fondationpourlelogement.fr\/wp-content\/uploads\/2025\/11\/cahier-reperes-hotes-pension-famille.pdf\"><span data-contrast=\"auto\">\u00ab\u202f\u00c0 voix h\u00f4te\u202f!\u202f\u00bb \u2013 <\/span><span data-contrast=\"auto\">Fondation pour le logement<\/span><span data-ccp-props=\"{}\">\u00a0<\/span><\/a><\/li>\n<\/ul>\n<ul>\n<li aria-setsize=\"-1\" data-leveltext=\"\uf0b7\" data-font=\"Symbol\" data-listid=\"16\" data-list-defn-props=\"{&quot;335552541&quot;:1,&quot;335559685&quot;:1440,&quot;335559991&quot;:360,&quot;469769226&quot;:&quot;Symbol&quot;,&quot;469769242&quot;:[8226],&quot;469777803&quot;:&quot;left&quot;,&quot;469777804&quot;:&quot;\uf0b7&quot;,&quot;469777815&quot;:&quot;hybridMultilevel&quot;}\" data-aria-posinset=\"3\" data-aria-level=\"2\"><a href=\"https:\/\/www.unafo.org\/app\/uploads\/2023\/10\/EtudeEspaceCollectifsPF_ALI_Approches_Oct2023_VersionNUMERIQUE_3.pdf\"><span data-contrast=\"auto\">\u00ab Les espaces collectifs en pension de famille et en r\u00e9sidence accueil \u00bb \u2013 ALI<\/span><\/a><\/li>\n<\/ul>\n<ul>\n<li aria-setsize=\"-1\" data-leveltext=\"\uf0b7\" data-font=\"Symbol\" data-listid=\"16\" data-list-defn-props=\"{&quot;335552541&quot;:1,&quot;335559685&quot;:1440,&quot;335559991&quot;:360,&quot;469769226&quot;:&quot;Symbol&quot;,&quot;469769242&quot;:[8226],&quot;469777803&quot;:&quot;left&quot;,&quot;469777804&quot;:&quot;\uf0b7&quot;,&quot;469777815&quot;:&quot;hybridMultilevel&quot;}\" data-aria-posinset=\"4\" data-aria-level=\"2\"><a href=\"https:\/\/www.affil.fr\/uploads\/4\/2\/0\/7\/42072013\/affil_25_mkt_residences_acc_web.pdf\"><span data-contrast=\"auto\">\u00ab Comprendre le fonctionnement et la diversit\u00e9 des r\u00e9sidences accueil<\/span><span data-ccp-props=\"{}\">\u00a0\u00bb \u2013 \u00a0AFFIL<\/span><\/a><\/li>\n<\/ul>\n<ul>\n<li><a href=\"https:\/\/www.ecologie.gouv.fr\/sites\/default\/files\/documents\/DP_Pensions%20de%20famille_VDEF.pdf\"><span data-contrast=\"auto\">\u00ab <\/span>Les pensions de famille, un outil puissant d\u2019insertion par le logement, un levier pour lutter contre le sans-abrisme<span data-ccp-props=\"{}\">\u00a0\u00bb<\/span> <span data-ccp-props=\"{}\">\u2013 <\/span>DIHAL<\/a><\/li>\n<\/ul>\n<p><img loading=\"lazy\" decoding=\"async\" class=\"aligncenter wp-image-5635 size-large\" src=\"https:\/\/www.pensionsdefamille.org\/app\/uploads\/2026\/03\/Template-Signatures-mail-SNPF6-1024x384.jpg\" alt=\"\" width=\"1024\" height=\"384\" srcset=\"https:\/\/www.pensionsdefamille.org\/app\/uploads\/2026\/03\/Template-Signatures-mail-SNPF6-1024x384.jpg 1024w, https:\/\/www.pensionsdefamille.org\/app\/uploads\/2026\/03\/Template-Signatures-mail-SNPF6-300x112.jpg 300w, https:\/\/www.pensionsdefamille.org\/app\/uploads\/2026\/03\/Template-Signatures-mail-SNPF6-768x288.jpg 768w, https:\/\/www.pensionsdefamille.org\/app\/uploads\/2026\/03\/Template-Signatures-mail-SNPF6-1536x576.jpg 1536w, https:\/\/www.pensionsdefamille.org\/app\/uploads\/2026\/03\/Template-Signatures-mail-SNPF6.jpg 1667w\" sizes=\"(max-width: 1024px) 100vw, 1024px\" \/><\/p>\n\n<\/section>","protected":false},"excerpt":{"rendered":"","protected":false},"author":628,"featured_media":5564,"parent":0,"menu_order":0,"comment_status":"closed","ping_status":"closed","template":"","meta":{"_acf_changed":false,"footnotes":""},"acf":[],"_links":{"self":[{"href":"https:\/\/www.pensionsdefamille.org\/index.php?rest_route=\/wp\/v2\/pages\/5563"}],"collection":[{"href":"https:\/\/www.pensionsdefamille.org\/index.php?rest_route=\/wp\/v2\/pages"}],"about":[{"href":"https:\/\/www.pensionsdefamille.org\/index.php?rest_route=\/wp\/v2\/types\/page"}],"author":[{"embeddable":true,"href":"https:\/\/www.pensionsdefamille.org\/index.php?rest_route=\/wp\/v2\/users\/628"}],"replies":[{"embeddable":true,"href":"https:\/\/www.pensionsdefamille.org\/index.php?rest_route=%2Fwp%2Fv2%2Fcomments&post=5563"}],"version-history":[{"count":14,"href":"https:\/\/www.pensionsdefamille.org\/index.php?rest_route=\/wp\/v2\/pages\/5563\/revisions"}],"predecessor-version":[{"id":5655,"href":"https:\/\/www.pensionsdefamille.org\/index.php?rest_route=\/wp\/v2\/pages\/5563\/revisions\/5655"}],"wp:featuredmedia":[{"embeddable":true,"href":"https:\/\/www.pensionsdefamille.org\/index.php?rest_route=\/wp\/v2\/media\/5564"}],"wp:attachment":[{"href":"https:\/\/www.pensionsdefamille.org\/index.php?rest_route=%2Fwp%2Fv2%2Fmedia&parent=5563"}],"curies":[{"name":"wp","href":"https:\/\/api.w.org\/{rel}","templated":true}]}}

<section class="block">
    <h2>Kit de communication et ressources utiles</h2>
<h3>Communiquez sur vos événements</h3>
<p>Pour vous accompagner dans l’organisation de vos événements, la coordination nationale de la Semaine nationale des pensions de famille met à votre disposition une série de supports de communication.</p>
<ul>
<li><a href="https://drive.google.com/file/d/10s4ANWqS5TgE5TK9cAR46TVrEeZEGq66/view"><strong>Télécharger le kit de communication 2026</strong></a></li>
</ul>
<p>&nbsp;</p>
<h3>Ressources utiles</h3>
<p>Pour mieux saisir les enjeux des pensions de famille, nous vous mettons à disposition des ressources utiles présentant les profils des personnes logées, les objectifs de ces établissements, le montage juridique et financier ou encore les acteurs référents :</p>
<ul>
<li aria-setsize="-1" data-leveltext="" data-font="Symbol" data-listid="16" data-list-defn-props="{&quot;335552541&quot;:1,&quot;335559685&quot;:1440,&quot;335559991&quot;:360,&quot;469769226&quot;:&quot;Symbol&quot;,&quot;469769242&quot;:[8226],&quot;469777803&quot;:&quot;left&quot;,&quot;469777804&quot;:&quot;&quot;,&quot;469777815&quot;:&quot;hybridMultilevel&quot;}" data-aria-posinset="1" data-aria-level="2"><a href="https://www.fondationpourlelogement.fr/wp-content/uploads/2025/11/cahier-reperes-hotes-pension-famille.pdf"><span data-contrast="auto">« À voix hôte ! » – </span><span data-contrast="auto">Fondation pour le logement</span><span data-ccp-props="{}"> </span></a></li>
</ul>
<ul>
<li aria-setsize="-1" data-leveltext="" data-font="Symbol" data-listid="16" data-list-defn-props="{&quot;335552541&quot;:1,&quot;335559685&quot;:1440,&quot;335559991&quot;:360,&quot;469769226&quot;:&quot;Symbol&quot;,&quot;469769242&quot;:[8226],&quot;469777803&quot;:&quot;left&quot;,&quot;469777804&quot;:&quot;&quot;,&quot;469777815&quot;:&quot;hybridMultilevel&quot;}" data-aria-posinset="3" data-aria-level="2"><a href="https://www.unafo.org/app/uploads/2023/10/EtudeEspaceCollectifsPF_ALI_Approches_Oct2023_VersionNUMERIQUE_3.pdf"><span data-contrast="auto">« Les espaces collectifs en pension de famille et en résidence accueil » – ALI</span></a></li>
</ul>
<ul>
<li aria-setsize="-1" data-leveltext="" data-font="Symbol" data-listid="16" data-list-defn-props="{&quot;335552541&quot;:1,&quot;335559685&quot;:1440,&quot;335559991&quot;:360,&quot;469769226&quot;:&quot;Symbol&quot;,&quot;469769242&quot;:[8226],&quot;469777803&quot;:&quot;left&quot;,&quot;469777804&quot;:&quot;&quot;,&quot;469777815&quot;:&quot;hybridMultilevel&quot;}" data-aria-posinset="4" data-aria-level="2"><a href="https://www.affil.fr/uploads/4/2/0/7/42072013/affil_25_mkt_residences_acc_web.pdf"><span data-contrast="auto">« Comprendre le fonctionnement et la diversité des résidences accueil</span><span data-ccp-props="{}"> » –  AFFIL</span></a></li>
</ul>
<ul>
<li><a href="https://www.ecologie.gouv.fr/sites/default/files/documents/DP_Pensions%20de%20famille_VDEF.pdf"><span data-contrast="auto">« </span>Les pensions de famille, un outil puissant d’insertion par le logement, un levier pour lutter contre le sans-abrisme<span data-ccp-props="{}"> »</span> <span data-ccp-props="{}">– </span>DIHAL</a></li>
</ul>
<p><img loading="lazy" decoding="async" class="aligncenter wp-image-5635 size-large" src="https://www.pensionsdefamille.org/app/uploads/2026/03/Template-Signatures-mail-SNPF6-1024x384.jpg" alt="" width="1024" height="384" srcset="https://www.pensionsdefamille.org/app/uploads/2026/03/Template-Signatures-mail-SNPF6-1024x384.jpg 1024w, https://www.pensionsdefamille.org/app/uploads/2026/03/Template-Signatures-mail-SNPF6-300x112.jpg 300w, https://www.pensionsdefamille.org/app/uploads/2026/03/Template-Signatures-mail-SNPF6-768x288.jpg 768w, https://www.pensionsdefamille.org/app/uploads/2026/03/Template-Signatures-mail-SNPF6-1536x576.jpg 1536w, https://www.pensionsdefamille.org/app/uploads/2026/03/Template-Signatures-mail-SNPF6.jpg 1667w" sizes="(max-width: 1024px) 100vw, 1024px" /></p>

</section>
