{"id":119,"date":"2021-09-01T13:56:36","date_gmt":"2021-09-01T13:56:36","guid":{"rendered":"https:\/\/www.pensionsdefamille.org\/?page_id=119"},"modified":"2025-05-20T07:52:11","modified_gmt":"2025-05-20T07:52:11","slug":"contacter-un-organisateur","status":"publish","type":"page","link":"https:\/\/www.pensionsdefamille.org\/?page_id=119","title":{"rendered":"Contacter les partenaires"},"content":{"rendered":"<section class=\"block\">\n    \n<\/section>\n\n<section class=\"block\">\n    <h2>Contacter les partenaires<\/h2>\n<p>&nbsp;<\/p>\n<p><img loading=\"lazy\" decoding=\"async\" class=\"wp-image-184 alignleft\" src=\"https:\/\/www.pensionsdefamille.org\/app\/uploads\/2021\/09\/Unafo-LogoORANGE-300x255.png\" alt=\"\" width=\"136\" height=\"115\" \/> <a href=\"https:\/\/www.unafo.org\" target=\"_blank\" rel=\"noopener\">L&rsquo;Unafo est l&rsquo;union professionnelle du logement accompagn\u00e9.<\/a> Elle repr\u00e9sente ses adh\u00e9rents, anime et structure le r\u00e9seau, professionnalise le secteur.<br \/>\nLe secteur du logement accompagn\u00e9 regroupe les r\u00e9sidences sociales, pensions de famille, foyers de jeunes travailleurs et de travailleurs migrants et qualifie qualifie l\u2019activit\u00e9 exerc\u00e9e par les 196 adh\u00e9rents de l\u2019Unafo : <strong>accueillir<\/strong> les publics en difficult\u00e9, leur permettre de se <strong>loger, <\/strong><strong>accompagner<\/strong> les personnes et les m\u00e9nages vers et dans le logement.<\/p>\n<p>Chiffres cl\u00e9s 2025 :<\/p>\n<ul>\n<li>155 000 logements\u00a0 dans :\n<ul>\n<li>550 pensions de famille<\/li>\n<li>1000 r\u00e9sidences sociales<\/li>\n<li>100 foyers de travailleurs migrants<\/li>\n<li>200 foyers de jeunes travailleurs<\/li>\n<\/ul>\n<\/li>\n<\/ul>\n<p>Contact : <a href=\"mailto:jordan.chevreau@unafo.org\" target=\"_blank\" rel=\"noopener\">Jordan Chevreau<\/a><\/p>\n<p>&nbsp;<\/p>\n<h2><img loading=\"lazy\" decoding=\"async\" class=\"wp-image-175 alignleft\" src=\"https:\/\/www.pensionsdefamille.org\/app\/uploads\/2021\/09\/logo_federation_2017-crop-300x182.jpg\" alt=\"\" width=\"205\" height=\"124\" srcset=\"https:\/\/www.pensionsdefamille.org\/app\/uploads\/2021\/09\/logo_federation_2017-crop-300x182.jpg 300w, https:\/\/www.pensionsdefamille.org\/app\/uploads\/2021\/09\/logo_federation_2017-crop.jpg 578w\" sizes=\"(max-width: 205px) 100vw, 205px\" \/><\/h2>\n<p>La <a href=\"https:\/\/www.federationsolidarite.org\/\" target=\"_blank\" rel=\"noopener\">FAS<\/a> est l\u2019une des plus importantes f\u00e9d\u00e9rations fran\u00e7aises regroupant 870 associations de <strong>solidarit\u00e9<\/strong> et organismes qui <strong>luttent contre l\u2019exclusion.<\/strong> Ils agissent aupr\u00e8s des plus d\u00e9munis, en leur proposant un accompagnement social global, en g\u00e9rant des \u00e9tablissements et services r\u00e9pondant \u00e0 leurs besoins fondamentaux d\u2019acc\u00e8s au logement, \u00e0 l\u2019h\u00e9bergement, \u00e0 la sant\u00e9, aux droits, et \u00e0 la citoyennet\u00e9. Ils leur proposent \u00e9galement des emplois d\u2019insertion, favorisant leur acc\u00e8s \u00e0 l\u2019emploi durable tout en d\u00e9veloppant gr\u00e2ce \u00e0 leur travail des activit\u00e9s d\u2019\u00e9conomie sociale et solidaire, telles que des ressourceries, des exploitations d\u2019agriculture biologiques ou encore du service \u00e0 la personne. La F\u00e9d\u00e9ration repr\u00e9sente ses adh\u00e9rents aupr\u00e8s des pouvoirs publics et favorise l\u2019\u00e9mergence de projets socialement innovants par la coop\u00e9ration, la cr\u00e9ation de partenariats et la formation. Elle promeut une soci\u00e9t\u00e9 inclusive et solidaire.<\/p>\n<p>La FAS s\u2019appuie sur 13 f\u00e9d\u00e9rations r\u00e9gionales ind\u00e9pendantes qui animent le r\u00e9seau des adh\u00e9rents et les repr\u00e9sentent au niveau territorial.<\/p>\n<p>Contact : <a href=\"mailto:camille.flaszenski@federationsolidarite.org\">Camille Flaszenski<\/a><\/p>\n<p>&nbsp;<\/p>\n<h2><img loading=\"lazy\" decoding=\"async\" class=\"alignleft wp-image-4256 size-thumbnail\" src=\"https:\/\/www.pensionsdefamille.org\/app\/uploads\/2025\/04\/Logo_Fondation_pour_le_Logement_des_Defavorises-150x150.png\" alt=\"\" width=\"150\" height=\"150\" \/><\/h2>\n<p><a href=\"https:\/\/www.fondationpourlelogement.fr\/\">La Fondation pour le Logement des D\u00e9favoris\u00e9s<\/a> a favoris\u00e9, \u00e0 la fin des ann\u00e9es 1990, l\u2019\u00e9mergence d\u2019un nouveau dispositif intitul\u00e9 \u00ab Pensions de famille \u00bb.<br \/>\nDepuis 2000, la Fondation a soutenu (aide au montage, soutien \u00e0 l\u2019investissement, \u00e0 l\u2019\u00e9quipement, au fonctionnement, ..) \u00a0264 projets, soit 4 755 logements r\u00e9partis sur 71 d\u00e9partements.<br \/>\nElle accompagne durablement un r\u00e9seau compos\u00e9 d\u2019une cinquantaine de Pensions de famille. Des actions de formations, des temps d\u2019analyse des pratiques, des regroupements d\u2019acteurs sont organis\u00e9s et propos\u00e9s aux \u00e9quipes gestionnaires ainsi qu\u2019aux habitants.<\/p>\n<p>La Fondation Abb\u00e9 Pierre s\u2019engage \u00e0 poursuivre le d\u00e9veloppement de ce type de structures en accompagnant des porteurs de projets et s\u2019inscrit pleinement dans le Plan logement d\u2019Abord .<\/p>\n<p>Contact : <a href=\"mailto:jgineste@fondation-abbe-pierre.fr&gt;\">Justine Gineste<\/a><\/p>\n<p>&nbsp;<\/p>\n<h2><img loading=\"lazy\" decoding=\"async\" class=\"wp-image-176 alignleft\" src=\"https:\/\/www.pensionsdefamille.org\/app\/uploads\/2021\/09\/Logo_HH_2019_horizontal-300x95.jpg\" alt=\"\" width=\"196\" height=\"62\" srcset=\"https:\/\/www.pensionsdefamille.org\/app\/uploads\/2021\/09\/Logo_HH_2019_horizontal-300x95.jpg 300w, https:\/\/www.pensionsdefamille.org\/app\/uploads\/2021\/09\/Logo_HH_2019_horizontal-1024x325.jpg 1024w, https:\/\/www.pensionsdefamille.org\/app\/uploads\/2021\/09\/Logo_HH_2019_horizontal-768x244.jpg 768w, https:\/\/www.pensionsdefamille.org\/app\/uploads\/2021\/09\/Logo_HH_2019_horizontal-1536x488.jpg 1536w, https:\/\/www.pensionsdefamille.org\/app\/uploads\/2021\/09\/Logo_HH_2019_horizontal.jpg 1575w\" sizes=\"(max-width: 196px) 100vw, 196px\" \/><\/h2>\n<p>Depuis plus de 35 ans, pour r\u00e9pondre \u00e0 l\u2019exclusion et l\u2019isolement des personnes en difficult\u00e9, <a href=\"http:\/\/www.habitat-humanisme.org\" target=\"_blank\" rel=\"noopener\">Habitat et Humanisme<\/a> agit en faveur <strong>du logement, de l\u2019insertion et de la recr\u00e9ation de liens sociaux. <\/strong>R\u00e9solument tourn\u00e9 vers l\u2019innovation, le Mouvement a d\u00e9velopp\u00e9 <strong>des outils \u00e9conomiques \u00e0 vocation sociale, pour financer et mener \u00e0 bien son action<\/strong>.<\/p>\n<p>Habitat et Humanisme s\u2019est donn\u00e9 pour mission<strong>\u00a0:<\/strong><\/p>\n<ul>\n<li>de permettre aux personnes \u00e0 faibles ressources, pr\u00e9caris\u00e9es en raison de leur situation sociale, de leur \u00e2ge, de leur handicap ou de leur sant\u00e9, d\u2019acc\u00e9der \u00e0 un logement d\u00e9cent, adapt\u00e9 \u00e0 leur situation et leurs ressources,<\/li>\n<li>de contribuer \u00e0 une ville ouverte \u00e0 tous, en privil\u00e9giant les logements situ\u00e9s dans \u00ab\u00a0des quartiers \u00e9quilibr\u00e9s\u00a0\u00bb,<\/li>\n<li>de proposer un accompagnement personnalis\u00e9 ou collectif pour favoriser la recr\u00e9ation de liens et l\u2019insertion sociale.<\/li>\n<\/ul>\n<p>Chiffres cl\u00e9s \u00e0 fin 2020 :<\/p>\n<ul>\n<li><strong>9300 <\/strong>logements acquis en propre ou mobilis\u00e9s aupr\u00e8s de propri\u00e9taires solidaires<\/li>\n<li><strong>1800<\/strong> nouvelles familles log\u00e9es en 2020<\/li>\n<\/ul>\n<p>Plus de <strong>28 000<\/strong> familles log\u00e9es et accompagn\u00e9es depuis l\u2019origine<\/p>\n<p>Contact : <a href=\"mailto:j.ormazabal@habitat-humanisme.org\">J<\/a>os\u00e9 Ormazabal<\/p>\n<p>&nbsp;<\/p>\n<h2><img loading=\"lazy\" decoding=\"async\" class=\"wp-image-173 alignleft\" src=\"https:\/\/www.pensionsdefamille.org\/app\/uploads\/2021\/09\/logo_fapil_long-193x300.png\" alt=\"\" width=\"113\" height=\"176\" srcset=\"https:\/\/www.pensionsdefamille.org\/app\/uploads\/2021\/09\/logo_fapil_long-193x300.png 193w, https:\/\/www.pensionsdefamille.org\/app\/uploads\/2021\/09\/logo_fapil_long.png 466w\" sizes=\"(max-width: 113px) 100vw, 113px\" \/><\/h2>\n<p>Depuis plus de 30 ans, <a href=\"http:\/\/www.fapil.fr\" target=\"_blank\" rel=\"noopener\">la Fapil,<\/a> f\u00e9d\u00e9ration nationale d\u2019associations et d\u2019acteurs, est engag\u00e9e sur le terrain aupr\u00e8s des mal-log\u00e9s et met en \u0153uvre les principes du Logement d\u2019Abord.\u00a0 La Fapil f\u00e9d\u00e8re 133 adh\u00e9rents qui g\u00e8rent pr\u00e8s de 40 000 logements partout en France, accompagnent et accueillent plus de 72 000 personnes. Fond\u00e9 sur la mise en commun des expertises et des exp\u00e9riences de ses adh\u00e9rents, son r\u00e9seau d\u00e9veloppe plusieurs modes d\u2019intervention pour r\u00e9pondre aux difficult\u00e9s rencontr\u00e9es par les m\u00e9nages :<\/p>\n<ul>\n<li>accueillir, orienter et informer les personnes ;<\/li>\n<li>les accompagner ;<\/li>\n<li>produire des logements de qualit\u00e9 et abordables ;<\/li>\n<li>et assurer une Gestion locative adapt\u00e9e.<\/li>\n<\/ul>\n<p>La Fapil apporte un soutien op\u00e9rationnel et utile \u00e0 ses adh\u00e9rents et favorise les \u00e9changes. Elle\u00a0associe d\u2019autres acteurs \u00e0 ses r\u00e9flexions, convaincus de l\u2019importance des partenariats pour construire ensemble des r\u00e9ponses \u00e0 la hauteur des enjeux du mal-logement.<\/p>\n<p>Contact :\u00a0 <a href=\"mailto:quentin.laudereau@fapil.fr\" target=\"_blank\" rel=\"noopener\">Quentin Laudereau<\/a><\/p>\n<p>&nbsp;<\/p>\n<h2><img loading=\"lazy\" decoding=\"async\" class=\"wp-image-171 alignleft\" src=\"https:\/\/www.pensionsdefamille.org\/app\/uploads\/2021\/09\/SOL-logo-cmjn-300x88.png\" alt=\"\" width=\"153\" height=\"45\" srcset=\"https:\/\/www.pensionsdefamille.org\/app\/uploads\/2021\/09\/SOL-logo-cmjn-300x88.png 300w, https:\/\/www.pensionsdefamille.org\/app\/uploads\/2021\/09\/SOL-logo-cmjn-1024x302.png 1024w, https:\/\/www.pensionsdefamille.org\/app\/uploads\/2021\/09\/SOL-logo-cmjn-768x226.png 768w, https:\/\/www.pensionsdefamille.org\/app\/uploads\/2021\/09\/SOL-logo-cmjn-1536x452.png 1536w, https:\/\/www.pensionsdefamille.org\/app\/uploads\/2021\/09\/SOL-logo-cmjn-2048x603.png 2048w\" sizes=\"(max-width: 153px) 100vw, 153px\" \/><\/h2>\n<p>1er premier acteur associatif de l&rsquo;habitat priv\u00e9 \u00e0 vocation sociale,\u00a0<a href=\"https:\/\/www.soliha.fr\/\" target=\"_blank\" rel=\"noopener\">SOLIHA<\/a> favorise l\u2019acc\u00e8s et le maintien dans l\u2019habitat des personnes d\u00e9favoris\u00e9es, fragiles et vuln\u00e9rables. Il agit \u00e9galement\u00a0aupr\u00e8s des collectivit\u00e9s, et avec le soutien des institutions, pour apporter des r\u00e9ponses habitat\u00a0adapt\u00e9es aux besoins des populations et aux sp\u00e9cificit\u00e9s des territoires.<br \/>\nIl regroupe 145 associations pr\u00e9sentes sur tous les territoires, dans l&rsquo;hexagone et en Outre-mer, et r\u00e9unit 3 100 salari\u00e9s. Il compte notamment 30 pensions de famille, 15 h\u00f4tels meubl\u00e9s, 28 r\u00e9sidences sociales et 4 structures asiles et r\u00e9fugi\u00e9s. Chaque ann\u00e9e,\u00a0pr\u00e8s de 46 000 m\u00e9nages sont accompagn\u00e9s socialement par\u00a0le Mouvement SOLIHA.<\/p>\n<p>Contact : <a href=\"mailto:k.senni@soliha.fr\" target=\"_blank\" rel=\"noopener\">Kamel Senni<\/a><\/p>\n<h2><img loading=\"lazy\" decoding=\"async\" class=\"wp-image-169 alignleft\" src=\"https:\/\/www.pensionsdefamille.org\/app\/uploads\/2021\/09\/USH_RVB-297x300.jpg\" alt=\"\" width=\"150\" height=\"152\" srcset=\"https:\/\/www.pensionsdefamille.org\/app\/uploads\/2021\/09\/USH_RVB-297x300.jpg 297w, https:\/\/www.pensionsdefamille.org\/app\/uploads\/2021\/09\/USH_RVB-1013x1024.jpg 1013w, https:\/\/www.pensionsdefamille.org\/app\/uploads\/2021\/09\/USH_RVB-768x777.jpg 768w, https:\/\/www.pensionsdefamille.org\/app\/uploads\/2021\/09\/USH_RVB-1519x1536.jpg 1519w, https:\/\/www.pensionsdefamille.org\/app\/uploads\/2021\/09\/USH_RVB.jpg 1536w\" sizes=\"(max-width: 150px) 100vw, 150px\" \/><\/h2>\n<p><a href=\"https:\/\/www.union-habitat.org\/\" target=\"_blank\" rel=\"noopener\">L\u2019Union sociale pour l\u2019habitat (USH)<\/a> est une association \u00ab loi 1901 \u00bb cr\u00e9\u00e9e en 1929 et qui est au service de tous les organismes Hlm, elle repr\u00e9sente, en France m\u00e9tropolitaine et dans les territoires d\u2019Outre-mer, quelque 593 op\u00e9rateurs Hlm \u00e0 travers ses cinq f\u00e9d\u00e9rations (la F\u00e9d\u00e9ration nationale des Offices Publics de l\u2019Habitat, les Entreprises sociales pour l\u2019habitat, la F\u00e9d\u00e9ration nationale des Soci\u00e9t\u00e9s coop\u00e9ratives d\u2019Hlm (Coop\u2019Hlm), PROCIVIS UES-AP et la F\u00e9d\u00e9ration nationale des Associations r\u00e9gionales d\u2019organismes d\u2019habitat social).<\/p>\n<p>L\u2019Union sociale pour l\u2019habitat est le porte-parole du Mouvement Hlm au niveau national, elle est compos\u00e9e d\u2019experts qui conduisent et produisent de nombreux travaux de r\u00e9flexion et d\u2019analyse sur la question de l\u2019habitat dans toutes ses dimensions.<\/p>\n<p>Contact : <a href=\"mailto: maryse.sylvestre@union-habitat.org\" target=\"_blank\" rel=\"noopener\">Maryse Sylvestre<\/a><\/p>\n<p><img loading=\"lazy\" decoding=\"async\" class=\"alignleft wp-image-5528 size-thumbnail\" src=\"https:\/\/www.pensionsdefamille.org\/app\/uploads\/2025\/05\/Logo-DIHAL-carre-150x150.jpg\" alt=\"\" width=\"150\" height=\"150\" srcset=\"https:\/\/www.pensionsdefamille.org\/app\/uploads\/2025\/05\/Logo-DIHAL-carre-150x150.jpg 150w, https:\/\/www.pensionsdefamille.org\/app\/uploads\/2025\/05\/Logo-DIHAL-carre-300x300.jpg 300w, https:\/\/www.pensionsdefamille.org\/app\/uploads\/2025\/05\/Logo-DIHAL-carre-768x768.jpg 768w, https:\/\/www.pensionsdefamille.org\/app\/uploads\/2025\/05\/Logo-DIHAL-carre.jpg 1000w\" sizes=\"(max-width: 150px) 100vw, 150px\" \/><\/p>\n<p>La <a href=\"https:\/\/www.info.gouv.fr\/organisation\/delegation-interministerielle-a-l-hebergement-et-a-l-acces-au-logement\">d\u00e9l\u00e9gation interminist\u00e9rielle \u00e0 l\u2019h\u00e9bergement et \u00e0 l\u2019acc\u00e8s au logement<\/a> (Dihal) est la direction d\u2019administration centrale charg\u00e9e de<b>\u00a0la mise en \u0153uvre de la politique publique de l\u2019\u00c9tat en mati\u00e8re d\u2019h\u00e9bergement, d\u2019acc\u00e8s au logement et de maintien dans le logement des personnes sans abri ou mal log\u00e9es,\u00a0<\/b>avec l\u2019objectif de\u00a0<b>diminuer de mani\u00e8re significative le nombre de personnes sans domicile.<\/b><\/p>\n<p>Elle pilote le programme budg\u00e9taire 177 <b><i>\u00ab H\u00e9bergement, parcours vers le logement et insertion des personnes vuln\u00e9rables \u00bb\u00a0<\/i>(soit 3,1 milliards d\u2019euros en 2023) <\/b>et intervient sur tous les champs contribuant \u00e0 la lutte contre le sans-abrisme au b\u00e9n\u00e9fice de diff\u00e9rents publics : personnes sans abri ou d\u00e9pourvues de logement, r\u00e9fugi\u00e9s, personnes log\u00e9es dont les difficult\u00e9s sociales, sanitaires ou financi\u00e8res peuvent mener \u00e0 une rupture, personnes vivant en bidonvilles, gens du voyage.<\/p>\n<p>&nbsp;<\/p>\n\n<\/section>","protected":false},"excerpt":{"rendered":"","protected":false},"author":1,"featured_media":0,"parent":0,"menu_order":0,"comment_status":"closed","ping_status":"closed","template":"","meta":{"_acf_changed":false,"footnotes":""},"acf":[],"_links":{"self":[{"href":"https:\/\/www.pensionsdefamille.org\/index.php?rest_route=\/wp\/v2\/pages\/119"}],"collection":[{"href":"https:\/\/www.pensionsdefamille.org\/index.php?rest_route=\/wp\/v2\/pages"}],"about":[{"href":"https:\/\/www.pensionsdefamille.org\/index.php?rest_route=\/wp\/v2\/types\/page"}],"author":[{"embeddable":true,"href":"https:\/\/www.pensionsdefamille.org\/index.php?rest_route=\/wp\/v2\/users\/1"}],"replies":[{"embeddable":true,"href":"https:\/\/www.pensionsdefamille.org\/index.php?rest_route=%2Fwp%2Fv2%2Fcomments&post=119"}],"version-history":[{"count":32,"href":"https:\/\/www.pensionsdefamille.org\/index.php?rest_route=\/wp\/v2\/pages\/119\/revisions"}],"predecessor-version":[{"id":5529,"href":"https:\/\/www.pensionsdefamille.org\/index.php?rest_route=\/wp\/v2\/pages\/119\/revisions\/5529"}],"wp:attachment":[{"href":"https:\/\/www.pensionsdefamille.org\/index.php?rest_route=%2Fwp%2Fv2%2Fmedia&parent=119"}],"curies":[{"name":"wp","href":"https:\/\/api.w.org\/{rel}","templated":true}]}}