{"id":5825,"date":"2026-03-25T17:07:04","date_gmt":"2026-03-25T17:07:04","guid":{"rendered":"https:\/\/www.pensionsdefamille.org\/?event=rencontre-in-situ-de-laffil-presentation-de-la-residence-accueil-la-clairiere-visite-et-echanges-thematiques"},"modified":"2026-03-25T17:07:04","modified_gmt":"2026-03-25T17:07:04","slug":"rencontre-in-situ-de-laffil-presentation-de-la-residence-accueil-la-clairiere-visite-et-echanges-thematiques","status":"publish","type":"event","link":"https:\/\/www.pensionsdefamille.org\/?event=rencontre-in-situ-de-laffil-presentation-de-la-residence-accueil-la-clairiere-visite-et-echanges-thematiques","title":{"rendered":"Rencontre In Situ de l&rsquo;AFFIL : pr\u00e9sentation de la r\u00e9sidence accueil La Clairi\u00e8re, visite et \u00e9changes th\u00e9matiques"},"content":{"rendered":"<p>L\u2019acc\u00e8s \u00e0 cet \u00e9v\u00e9nement est gratuit sur inscription, r\u00e9alisable via le lien suivant : https:\/\/www.helloasso.com\/associations\/association-francilienne-pour-favoriser-l-insertion-par-le-logement\/evenements\/rencontre-in-situ-affil-28-mai-2026<\/p>\n<p>Dans le cadre de la Semaine nationale des pensions de famille, l\u2019AFFIL donne rendez-vous \u00e0 ses adh\u00e9rents et partenaires le jeudi 28 mai matin (9h30-12h30) pour d\u00e9couvrir la r\u00e9sidence accueil La Clairi\u00e8re situ\u00e9e au V\u00e9sinet, g\u00e9r\u00e9e par la Fondation des amis de l\u2019atelier et propri\u00e9t\u00e9 de Seqens Solidarit\u00e9s.<br \/>\nCette rencontre sera l\u2019occasion de revenir sur l\u2019\u00e9tude publi\u00e9e l\u2019ann\u00e9e derni\u00e8re par l\u2019AFFIL sur les r\u00e9sidences accueil, mais aussi d\u2019\u00e9changer sur les liens entre logement et sant\u00e9 mentale.<br \/>\nLe programme d\u00e9taill\u00e9 sera diffus\u00e9 ult\u00e9rieurement.<\/p>\n<p><strong>Contact : Julia Payen<br \/> Num\u00e9ro de t\u00e9l\u00e9phone : <a href='tel:0772306341'>0772306341<\/a><br \/> Adresse mail : <a href='mailto:contact@affil.fr'>contact@affil.fr<\/a><\/strong><\/p>\n","protected":false},"excerpt":{"rendered":"<p>L\u2019acc\u00e8s \u00e0 cet \u00e9v\u00e9nement est gratuit sur inscription, r\u00e9alisable via le lien suivant : https:\/\/www.helloasso.com\/associations\/association-francilienne-pour-favoriser-l-insertion-par-le-logement\/evenements\/rencontre-in-situ-affil-28-mai-2026 Dans le cadre de la Semaine nationale des pensions de famille, l\u2019AFFIL donne rendez-vous \u00e0 ses adh\u00e9rents et partenaires le jeudi 28 mai matin (9h30-12h30) pour d\u00e9couvrir la r\u00e9sidence accueil La Clairi\u00e8re situ\u00e9e au V\u00e9sinet, g\u00e9r\u00e9e par la Fondation des [&hellip;]<\/p>\n","protected":false},"featured_media":5826,"template":"","acf":[],"_links":{"self":[{"href":"https:\/\/www.pensionsdefamille.org\/index.php?rest_route=\/wp\/v2\/event\/5825"}],"collection":[{"href":"https:\/\/www.pensionsdefamille.org\/index.php?rest_route=\/wp\/v2\/event"}],"about":[{"href":"https:\/\/www.pensionsdefamille.org\/index.php?rest_route=\/wp\/v2\/types\/event"}],"wp:featuredmedia":[{"embeddable":true,"href":"https:\/\/www.pensionsdefamille.org\/index.php?rest_route=\/wp\/v2\/media\/5826"}],"wp:attachment":[{"href":"https:\/\/www.pensionsdefamille.org\/index.php?rest_route=%2Fwp%2Fv2%2Fmedia&parent=5825"}],"curies":[{"name":"wp","href":"https:\/\/api.w.org\/{rel}","templated":true}]}}

Rencontre In Situ de l&rsquo;AFFIL : présentation de la résidence accueil La Clairière, visite et échanges thématiques

<p>L’accès à cet événement est gratuit sur inscription, réalisable via le lien suivant : https://www.helloasso.com/associations/association-francilienne-pour-favoriser-l-insertion-par-le-logement/evenements/rencontre-in-situ-affil-28-mai-2026</p>
<p>Dans le cadre de la Semaine nationale des pensions de famille, l’AFFIL donne rendez-vous à ses adhérents et partenaires le jeudi 28 mai matin (9h30-12h30) pour découvrir la résidence accueil La Clairière située au Vésinet, gérée par la Fondation des amis de l’atelier et propriété de Seqens Solidarités.<br />
Cette rencontre sera l’occasion de revenir sur l’étude publiée l’année dernière par l’AFFIL sur les résidences accueil, mais aussi d’échanger sur les liens entre logement et santé mentale.<br />
Le programme détaillé sera diffusé ultérieurement.</p>
<p><strong>Contact : Julia Payen<br /> Numéro de téléphone : <a href='tel:0772306341'>0772306341</a><br /> Adresse mail : <a href='mailto:contact@affil.fr'>contact@affil.fr</a></strong></p>

<p>L’accès à cet événement est gratuit sur inscription, réalisable via le lien suivant : https://www.helloasso.com/associations/association-francilienne-pour-favoriser-l-insertion-par-le-logement/evenements/rencontre-in-situ-affil-28-mai-2026 Dans le cadre de la Semaine nationale des pensions de famille, l’AFFIL donne rendez-vous à ses adhérents et partenaires le jeudi 28 mai matin (9h30-12h30) pour découvrir la résidence accueil La Clairière située au Vésinet, gérée par la Fondation des [&hellip;]</p>
