{"id":5821,"date":"2026-03-25T16:04:10","date_gmt":"2026-03-25T16:04:10","guid":{"rendered":"https:\/\/www.pensionsdefamille.org\/?event=quartier-en-fete-la-villa-calderon-au-coeur-de-la-fete-des-voisins"},"modified":"2026-03-25T16:04:10","modified_gmt":"2026-03-25T16:04:10","slug":"quartier-en-fete-la-villa-calderon-au-coeur-de-la-fete-des-voisins","status":"publish","type":"event","link":"https:\/\/www.pensionsdefamille.org\/?event=quartier-en-fete-la-villa-calderon-au-coeur-de-la-fete-des-voisins","title":{"rendered":"Quartier en f\u00eate: La VILLA CALDERON au coeur de la f\u00eate des voisins"},"content":{"rendered":"<p>Les r\u00e9sidents de la pension de famille VILLA CALDERON invite les habitants du quartier saint germain \u00e0 partager un moment convivial \u00e0 l&rsquo;occasion de la f\u00eate des voisins.<br \/>\nLa th\u00e9matique de cette f\u00eate est \u00a0\u00bb la culture sous toutes ses coutures\u00a0\u00bb : <\/p>\n<p>Les participants sont invit\u00e9s \u00e0 apporter une sp\u00e9cialit\u00e9 autour de la cuisine du monde.<br \/>\nDes activit\u00e9s seront propos\u00e9es aux habitants du quartier: p\u00e9tanque, jeux en bois, d\u00e9couverte culturelle des sp\u00e9cialit\u00e9s propos\u00e9es.<\/p>\n<p><strong>Contact : Elis\u00e9e SIASSIA<br \/> Num\u00e9ro de t\u00e9l\u00e9phone : <a href='tel:06.21.33.66.27'>06.21.33.66.27<\/a><br \/> Adresse mail : <a href='mailto:elisee.siassia@ville-louviers.fr'>elisee.siassia@ville-louviers.fr<\/a><\/strong><\/p>\n","protected":false},"excerpt":{"rendered":"<p>Les r\u00e9sidents de la pension de famille VILLA CALDERON invite les habitants du quartier saint germain \u00e0 partager un moment convivial \u00e0 l&rsquo;occasion de la f\u00eate des voisins. La th\u00e9matique de cette f\u00eate est \u00a0\u00bb la culture sous toutes ses coutures\u00a0\u00bb : Les participants sont invit\u00e9s \u00e0 apporter une sp\u00e9cialit\u00e9 autour de la cuisine du [&hellip;]<\/p>\n","protected":false},"featured_media":0,"template":"","acf":[],"_links":{"self":[{"href":"https:\/\/www.pensionsdefamille.org\/index.php?rest_route=\/wp\/v2\/event\/5821"}],"collection":[{"href":"https:\/\/www.pensionsdefamille.org\/index.php?rest_route=\/wp\/v2\/event"}],"about":[{"href":"https:\/\/www.pensionsdefamille.org\/index.php?rest_route=\/wp\/v2\/types\/event"}],"wp:attachment":[{"href":"https:\/\/www.pensionsdefamille.org\/index.php?rest_route=%2Fwp%2Fv2%2Fmedia&parent=5821"}],"curies":[{"name":"wp","href":"https:\/\/api.w.org\/{rel}","templated":true}]}}

Quartier en fête: La VILLA CALDERON au coeur de la fête des voisins

<p>Les résidents de la pension de famille VILLA CALDERON invite les habitants du quartier saint germain à partager un moment convivial à l&rsquo;occasion de la fête des voisins.<br />
La thématique de cette fête est  » la culture sous toutes ses coutures » : </p>
<p>Les participants sont invités à apporter une spécialité autour de la cuisine du monde.<br />
Des activités seront proposées aux habitants du quartier: pétanque, jeux en bois, découverte culturelle des spécialités proposées.</p>
<p><strong>Contact : Elisée SIASSIA<br /> Numéro de téléphone : <a href='tel:06.21.33.66.27'>06.21.33.66.27</a><br /> Adresse mail : <a href='mailto:elisee.siassia@ville-louviers.fr'>elisee.siassia@ville-louviers.fr</a></strong></p>

<p>Les résidents de la pension de famille VILLA CALDERON invite les habitants du quartier saint germain à partager un moment convivial à l&rsquo;occasion de la fête des voisins. La thématique de cette fête est  » la culture sous toutes ses coutures » : Les participants sont invités à apporter une spécialité autour de la cuisine du [&hellip;]</p>
